55
Let b(k) = -35*k + 184. What is b(15)?
-341
Let s(h) = 510*h**2 + 22*h + 21. Calculate s(-1).
509
Let r(j) = -2*j**2 + 3*j + 59. What is r(-7)?
-60
Let i(w) = 59*w - 390. What is i(7)?
23
Let c(i) = 2*i**2 - 237*i + 900. Give c(116).
320
Let l(w) = 324*w**2 - 7*w + 14. Determine l(0).
14
Let z(t) = -t**2 - 23*t - 95. Calculate z(-21).
-53
Let r(p) = -p**3 + 13*p**2 + 28*p - 27. Give r(15).
-57
Let w(n) = -112*n - 4688. What is w(-42)?
16
Let g(v) = -571*v - 2854. What is g(-5)?
1
Let j(k) = k**3 + k**2 + 12*k + 9. Determine j(-2).
-19
Let s(q) = 234*q - 718. Calculate s(3).
-16
Let a(z) = 301*z**2 + 32*z - 21. Calculate a(1).
312
Let m(l) = l**3 + 11*l**2 - 63*l + 5. Determine m(3).
-58
Let x(c) = -3*c - 520. Determine x(51).
-673
Let s(i) = 27*i - 416. Calculate s(14).
-38
Let x(i) = -i**2 + 367*i - 2515. What is x(7)?
5
Let i(w) = 2*w**2 + 23*w - 159. What is i(5)?
6
Let k(s) = -2*s**2 - 90*s - 342. Give k(-4).
-14
Let c(a) = -6*a**2 + 17*a - 2. What is c(8)?
-250
Let s(q) = -q + 114. Calculate s(-14).
128
Let f(k) = k**3 + 28*k**2 + 36*k + 1034. Determine f(-28).
26
Let b(d) = d**3 + 34*d**2 + 292*d + 36. What is b(-22)?
-580
Let d(b) = b**2 - 60*b + 456. Determine d(51).
-3
Let m(u) = 124*u - 2240. What is m(18)?
-8
Let y(k) = -2*k**3 + 17*k**2 + k - 78. Give y(8).
-6
Let d(g) = g**3 - 13*g**2 - 14*g + 200. Determine d(13).
18
Let z(w) = 42*w**3 - 28*w**2 + 30*w. Calculate z(1).
44
Let n(p) = 17*p**2 + 20*p - 40. Calculate n(2).
68
Let f(h) = -h**2 - 97*h + 28757. Calculate f(128).
-43
Let p(z) = 77*z - 399. Give p(4).
-91
Let g(b) = -144*b - 438. Give g(-3).
-6
Let d(h) = h**2 + 14*h - 158. Determine d(9).
49
Let f(d) = d**2 - 26*d - 90. What is f(31)?
65
Let s(h) = 26*h + 373. Determine s(-41).
-693
Let x(m) = -24*m**2 + 326*m + 148. Give x(14).
8
Let u(o) = -30*o - 337. Determine u(-5).
-187
Let p(s) = s**3 + 4*s**2 - 127*s + 573. Give p(-15).
3
Let l(d) = 871*d + 1295. Determine l(-2).
-447
Let d(c) = c**3 - 30*c**2 - 33*c + 76. Calculate d(31).
14
Let k(a) = a**3 - 36*a**2 - 10*a + 342. What is k(36)?
-18
Let w(q) = -4*q**2 - 371*q - 1911. Give w(-87).
90
Let u(x) = -2*x**2 + 359*x + 2605. Determine u(-7).
-6
Let g(j) = j - 35. Give g(28).
-7
Let a(r) = 25*r - 20. Calculate a(1).
5
Let s(f) = -f**2 - 68*f + 1553. Determine s(18).
5
Let q(r) = 39*r - 1078. Determine q(32).
170
Let g(s) = s**3 - 20*s**2 + 118*s - 233. Calculate g(12).
31
Let b(d) = 16*d**3 - 3*d**2 - 4. Determine b(0).
-4
Let m(v) = -461*v + 19429. What is m(42)?
67
Let r(g) = 47*g**3 + 3*g**2 + 3*g - 2. What is r(-2)?
-372
Let h(o) = -6*o**3 + 39*o**2 - 24*o + 42. Give h(6).
6
Let v(l) = 3*l**3 - 83*l**2 - 20*l + 20. Determine v(28).
244
Let z(f) = -20*f + 1138. Give z(56).
18
Let w(z) = -z**3 - 42*z**2 - 41*z + 3. Determine w(-41).
3
Let m(v) = 3*v**2 + 57*v - 440. What is m(7)?
106
Let w(c) = -44*c + 12. What is w(3)?
-120
Let j(p) = 92*p + 17. Determine j(2).
201
Let q(c) = -34*c**2 + 333*c + 1335. Determine q(-4).
-541
Let b(u) = -216*u + 524. What is b(7)?
-988
Let n(j) = -3*j**2 + 59*j - 67. What is n(9)?
221
Let i(g) = 94*g - 1050. Determine i(11).
-16
Let p(j) = -9*j - 149. What is p(-14)?
-23
Let g(z) = 2*z**3 - 12*z**2 + 9*z - 5. Calculate g(6).
49
Let h(j) = -7*j**3 - 78*j**2 - 14*j - 2. What is h(-11)?
31
Let u(x) = -49*x - 1160. Determine u(-24).
16
Let o(t) = -4*t**3 + 522*t**2 + 1058*t - 4. What is o(-2)?
0
Let k(f) = -f**3 - 36*f**2 - 329*f - 81. What is k(-18)?
9
Let w(q) = -13*q**3 - 403*q**2 + 3*q + 125. Determine w(-31).
32
Let v(o) = 4*o + 37. What is v(18)?
109
Let o(r) = r**3 + 28*r**2 + 21*r - 433. Determine o(-25).
917
Let y(u) = -19*u**2 + 251*u + 8. Determine y(0).
8
Let x(b) = -b**2 + 50*b + 1260. Give x(69).
-51
Let f(v) = 81*v + 331. Determine f(-4).
7
Let i(p) = -94*p - 37. What is i(3)?
-319
Let a(r) = -41*r - 898. What is a(-22)?
4
Let m(j) = j**3 + 438*j**2 - 2209*j - 9. Determine m(5).
21
Let y(v) = 2*v**3 - 3*v**2 - 11*v - 2. Calculate y(4).
34
Let l(t) = 4*t**2 + 246*t + 1214. Calculate l(-56).
-18
Let p(m) = 972*m - 2956. Determine p(3).
-40
Let o(k) = 34*k - 197. Determine o(5).
-27
Let r(h) = h**2 - 243*h + 240. What is r(1)?
-2
Let m(y) = y**2 + 79*y + 793. Give m(-67).
-11
Let c(u) = 381*u + 12553. Calculate c(-33).
-20
Let b(w) = -30*w**2 + 272*w - 19. Determine b(9).
-1
Let o(m) = 3679*m - 4. Determine o(0).
-4
Let g(k) = -425*k - 19129. Calculate g(-45).
-4
Let y(q) = -q**3 - 96*q**2 - 452*q + 15. Give y(-5).
0
Let f(c) = -c**2 - 62*c - 371. Give f(-7).
14
Let w(n) = 31*n + 865. Calculate w(-28).
-3
Let v(g) = g**2 + 16*g + 137. Determine v(-19).
194
Let d(p) = p**2 - 10*p + 42. Determine d(9).
33
Let t(r) = -r**2 - 58*r + 2634. Calculate t(30).
-6
Let x(q) = -q**3 - 400*q**2 - 5030*q + 9. Calculate x(-13).
-4
Let t(g) = -11*g**2 + 13*g + 7. Calculate t(-3).
-131
Let j(h) = 7*h**3 - 42*h**2 - 138*h + 4. Give j(-3).
-149
Let o(j) = 8*j - 445. Calculate o(57).
11
Let k(l) = 64*l + 320. Determine k(-4).
64
Let u(h) = 483*h + 13986. What is u(-29)?
-21
Let z(l) = 451*l**2 - 31*l + 27. Calculate z(1).
447
Let c(k) = -381*k - 14095. Determine c(-37).
2
Let g(j) = j**2 + 186*j + 2425. Determine g(-14).
17
Let p(l) = 18*l**3 + 11*l + 19. What is p(-3)?
-500
Let n(v) = 486*v - 597. Give n(3).
861
Let n(i) = 18*i + 174. Determine n(-23).
-240
Let k(d) = -164*d - 2144. Calculate k(-13).
-12
Let i(z) = -9*z - 256. Give i(-30).
14
Let u(m) = -98*m - 103. Calculate u(-5).
387
Let m(z) = 9*z**3 - 165*z**2 - 110*z + 3. What is m(19)?
79
Let k(v) = -20*v**2 - 699*v + 34. What is k(-35)?
-1
Let q(s) = s**2 + 2*s - 23. Determine q(0).
-23
Let i(u) = 7*u - 367. Calculate i(40).
-87
Let z(b) = -63*b - 217. Calculate z(-3).
-28
Let g(f) = 125*f**2 + 22626*f + 174. What is g(-181)?
-7
Let j(x) = -8*x**2 - 66*x + 39. What is j(-9)?
-15
Let h(r) = 34*r + 3673. Determine h(-106).
69
Let p(f) = 3164*f + 3178. Calculate p(-1).
14
Let f(l) = l**3 + 76*l**2 + 218*l - 26. Calculate f(-73).
47
Let a(c) = 90*c**3 - 2*c**2 + c + 1. Give a(-1).
-92
Let d(c) = 2*c**3 + 35*c**2 - 19*c - 11. Determine d(-18).
7
Let s(i) = i**3 + 77*i**2 - 250*i - 796. Give s(-80).
4
Let a(u) = -4*u - 196. Calculate a(-46).
-12
Let q(d) = -51*d - 2532. What is q(-50)?
18
Let n(p) = -p**2 + 26*p + 376. Calculate n(37).
-31
Let c(u) = 27*u**3 - 6*u**2 - 19*u + 24. Determine c(1).
26
Let s(o) = o**3 - 2*o**2 - 52*o - 11. What is s(9)?
88
Let v(r) = -2*r**3 - r**2 + 61*r + 40. Determine v(-6).
70
Let v(d) = d**3 + 24*d**2 + 8*d - 336. Determine v(-23).
9
Let f(n) = 48*n - 228. Give f(4).
-36
Let h(x) = 297*x - 1792. Give h(6).
-10
Let g(p) = -14*p**2 + 11*p + 21. Determine g(-2).
-57
Let b(q) = q**3 - 17*q**2 + 59*q - 23. Calculate b(12).
-35
Let j(b) = 2*b**3 + 10*b**2 + 12*b - 7. Determine j(-5).
-67
Let c(y) = y**2 - 19*y + 64. What is c(15)?
4
Let s(h) = h**2 - 729*h - 1461. What is s(-2)?
1
Let n(m) = m**2 + 39*m + 328. Determine n(-28).
20
Let l(j) = -2*j + 1. Determine l(11).
-21
Let s(f) = 4*f**2 + 78*f - 4729. Determine s(26).
3
Let c(h) = 5*h + 115. Calculate c(-19).
20
Let c(y) = 4*y**2 - 523*y + 389. Calculate c(130).
-1
Let k(y) = 69*y + 640. Calculate k(-9).
19
Let y(d) = -d + 39. Determine y(34).
5
Let a(l) = -l**2 - 125*l - 3393. What is a(-85)?
7
Let f(b) = -2231*b - 6686. Calculate f(-3).
7
Let r(f) = 3*f**2 + 165*f + 2209. Calculate r(-28).
-59
Let a(l) = -3*l**3 - l**2 + 7. What is a(-3)?
79
Let j(z) = -36*z**2 - 1780*z - 784. Determine j(-49).
0
Let h(i) = 36*i - 495. Give h(14).
9
Let w(g) = -g**3 + 36*g**2 + g - 34. Determine w(36).
2
Let q(n) = 544*n - 2175. What is q(4)?
1
Let c(g) = 29*g - 1106. What is c(42)?
112
Let m(u) = -12*u - 585. Give m(-46).
-33
Let s(q) = 3*q**2 - 45*q + 46. What is s(14)?
4
Let u(k) = -k**2 - 26*k - 32. Give u(-22).
56
Let m(v) = -41*v**2 + 16*v + 15. Calculate m(-1).
-42
Let v(g) = -g**3 + 112*g + 120. Determine v(-10).
0
Let h(k) = -k**3 - 15*k**2 + 42*k + 392. Calculate h(-14).
-392
Let z(q) = -q**3 - 19*q**2 - 33*q - 5. What is z(-17)?
-22
Let y(l) = -l**3 + 21*l**2 + 392*l + 141. Give y(33).
9
Let i(y) = -y**2 + 9*y + 67. What is i(13)?
15
Let a(n) = -n**3 + 14*n**2 - 24*n - 12. Determine a(10).
148
Let a(j) = j**3 - 15*j**2 - 105*j + 918. Give a(18).
0
Let m(x) = 97*x - 189. What is m(-3)?
-480
Let q(i) = 111*i - 914